 24 divide 9295977?
False
Is 137 a factor of 1252454?
True
Does 57 divide 224898?
False
Is 18 a factor of 961520?
False
Is 33 a factor of 374270?
False
Does 340 divide 3418410?
False
Is 6875116 a multiple of 521?
True
Does 103 divide 141417?
False
Is 124953 a multiple of 116?
False
Is 29348 a multiple of 253?
True
Does 32 divide 26494?
False
Is 5824781 a multiple of 16?
False
Is 12243984 a multiple of 48?
True
Is 926559 a multiple of 27?
True
Is 374 a factor of 1249534?
True
Is 18924 a multiple of 454?
False
Is 206743 a multiple of 42?
False
Is 2625651 a multiple of 497?
True
Is 19695500 a multiple of 250?
True
Does 11 divide 182424?
True
Does 8 divide 6106688?
True
Does 18 divide 6297246?
True
Does 24 divide 62424?
True
Is 61 a factor of 170227?
False
Is 359196 a multiple of 2?
True
Does 30 divide 739080?
True
Is 546 a factor of 7919184?
True
Is 36 a factor of 152316?
True
Is 1079 a factor of 3665363?
True
Is 9 a factor of 3626427?
False
Is 3555432 a multiple of 46?
True
Is 77 a factor of 697717?
False
Is 656696 a multiple of 8?
True
Is 331 a factor of 7874918?
False
Does 10 divide 1850821?
False
Does 162 divide 704001?
False
Is 4 a factor of 802478?
False
Is 46 a factor of 132204?
True
Does 93 divide 183362?
False
Is 63342 a multiple of 621?
True
Is 3071 even?
False
Is 52 a factor of 657228?
True
Is 166 a factor of 1888105?
False
Is 21539603 a multiple of 147?
False
Is 4477400 a multiple of 1220?
True
Does 248 divide 1211809?
False
Is 550728 a multiple of 72?
True
Is 24 a factor of 14058973?
False
Is 225280 a multiple of 40?
True
Does 373 divide 395775?
False
Does 329 divide 5213476?
False
Is 18 a factor of 273812?
False
Does 28 divide 1727880?
True
Does 321 divide 259032?
False
Does 115 divide 3092440?
False
Is 407400 a multiple of 582?
True
Is 1783752 a multiple of 82?
False
Is 178779 a multiple of 8?
False
Does 6 divide 635750?
False
Does 8 divide 342162?
False
Does 12 divide 564936?
True
Is 9653442 a multiple of 998?
False
Does 6 divide 3296668?
False
Is 5159505 a multiple of 49?
False
Is 11602098 a multiple of 246?
True
Does 114 divide 993195?
False
Does 3 divide 7533?
True
Is 7 a factor of 602154?
True
Does 5 divide 13928?
False
Is 5808 a multiple of 264?
True
Is 23 a factor of 2945679?
True
Is 213 a factor of 1010032?
False
Does 40 divide 197125?
False
Does 163 divide 326492?
False
Is 10 a factor of 1922500?
True
Is 9 a factor of 2690901?
True
Is 9563 a multiple of 73?
True
Is 3 a factor of 247188?
True
Does 316 divide 424388?
True
Is 215846 a multiple of 10?
False
Is 93 a factor of 69750?
True
Is 1178 a factor of 33758043?
False
Is 21 a factor of 1476111?
True
Is 27 a factor of 27918?
True
Is 252 a factor of 2622816?
True
Does 581 divide 822983?
False
Does 16 divide 1645642?
False
Is 1034700 a multiple of 30?
True
Is 234300 a multiple of 22?
True
Is 11 a factor of 94518?
False
Is 5 a factor of 12112191?
False
Is 4627413 a multiple of 20?
False
Is 2035586 a multiple of 7?
True
Does 112 divide 305276?
False
Is 649150 even?
True
Is 13 a factor of 1754168?
True
Does 304 divide 195798?
False
Is 255732 a multiple of 12?
True
Is 153098 a multiple of 32?
False
Is 11193 a multiple of 273?
True
Does 27 divide 702?
True
Is 260 a factor of 115440?
True
Is 1129984 a multiple of 16?
True
Is 16495285 a multiple of 299?
False
Does 34 divide 96142?
False
Is 979474 a multiple of 218?
True
Is 139860 a multiple of 210?
True
Is 457240 a multiple of 568?
True
Does 35 divide 78229?
False
Is 13199936 a multiple of 16?
True
Is 7 a factor of 19213504?
False
Is 8 a factor of 109345?
False
Does 384 divide 2410752?
True
Is 718 a factor of 1321354?
False
Is 53 a factor of 11695033?
True
Is 242339 a multiple of 567?
False
Does 53 divide 507422?
True
Is 742412 a multiple of 11?
True
Is 23 a factor of 6739168?
False
Is 668304 a multiple of 816?
True
Does 3 divide 129057?
True
Is 224 a factor of 3834656?
True
Is 198 a factor of 214975?
False
Is 18380594 a multiple of 60?
False
Is 3046120 a multiple of 70?
True
Is 306676 a multiple of 39?
False
Does 372 divide 562228?
False
Is 6836000 a multiple of 160?
True
Is 12 a factor of 89334?
False
Is 9 a factor of 662949?
True
Does 8 divide 967088?
True
Is 31 a factor of 278825?
False
Is 1017475 a multiple of 461?
False
Is 30 a factor of 77668?
False
Is 62502 a multiple of 66?
True
Does 522 divide 24490674?
True
Does 289 divide 356337?
True
Is 5 a factor of 321320?
True
Is 2 a factor of 196767?
False
Is 754596 a multiple of 54?
True
Does 155 divide 3294525?
True
Is 15 a factor of 1075291?
False
Is 411348 a multiple of 28?
True
Does 32 divide 107847?
False
Is 246 a factor of 154531?
False
Does 3 divide 100449?
True
Is 517935 a multiple of 15?
True
Does 256 divide 271616?
True
Does 13 divide 1007487?
True
Is 188448 a multiple of 13?
True
Is 748 a factor of 7252608?
True
Does 1397 divide 1822897?
False
Is 33 a factor of 723954?
True
Is 6725366 a multiple of 19?
False
Does 6 divide 23159?
False
Is 101 a factor of 393900?
True
Is 17 a factor of 13204631?
True
Does 53 divide 217777?
True
Does 35 divide 920360?
True
Is 309540 a multiple of 330?
True
Is 214 a factor of 1189198?
True
Is 3197221 a multiple of 6?
False
Is 420 a factor of 77238?
False
Is 325013 a multiple of 15?
False
Does 23 divide 315675?
True
Is 2012917 a multiple of 11?
False
Is 1854816 a multiple of 2?
True
Is 262 a factor of 369944?
True
Is 4538095 a multiple of 61?
True
Is 2764272 a multiple of 114?
True
Is 2952883 a multiple of 98?
False
Is 1864416 a multiple of 32?
True
Does 887 divide 1834688?
False
Is 3497216 a multiple of 64?
True
Is 1006427 a multiple of 41?
True
Is 10 a factor of 22711?
False
Is 19093 a multiple of 6?
False
Is 66092 a multiple of 52?
True
Is 27711652 a multiple of 38?
True
Is 223015 a multiple of 65?
True
Is 2 a factor of 5710?
True
Is 10 a factor of 15516?
False
Is 22756 a multiple of 11?
False
Is 845100 a multiple of 20?
True
Is 698 a factor of 2295722?
True
Is 82 a factor of 98009?
False
Does 3 divide 15114?
True
Does 11 divide 2412540?
False
Is 17 a factor of 33333?
False
Is 419 a factor of 115225?
True
Is 2214824 a multiple of 251?
True
Is 8 a factor of 303707?
False
Is 9334352 a multiple of 830?
False
Is 997840 a multiple of 74?
False
Is 3218123 a multiple of 3?
False
Is 111605 a multiple of 65?
True
Is 11 a factor of 17875?
True
Does 70 divide 629650?
True
Is 37 a factor of 615347?
True
Is 207 a factor of 10576458?
True
Is 14 a factor of 921637?
False
Is 469567 a multiple of 154?
False
Does 2 divide 491674?
True
Does 21 divide 109514?
False
Is 8 a factor of 299706?
False
Is 61 a factor of 101809?
True
Is 125 a factor of 2017000?
True
Does 20 divide 1122210?
False
Is 15910804 a multiple of 28?
True
Is 1950641 a multiple of 847?
True
Is 315391 a multiple of 118?
False
Does 85 divide 514420?
True
Is 28 a factor of 452592?
True
Is 95068 a multiple of 203?
False
Is 582 a factor of 1413027?
False
Does 299 divide 31681104?
False
Is 1053617 a multiple of 14?
False
Is 17 a factor of 270715?
False
Does 16 divide 130480?
True
Is 49 a factor of 617894?
False
Is 68 a factor of 222483?
False
Does 24 divide 126456?
True
Is 75 a factor of 101714?
False
Is 6 a factor of 25650?
True
Is 128550 a multiple of 150?
True
Is 8 a factor of 333241?
False
Does 952 divide 1092683?
False
Is 13 a factor of 319419?
False
Is 292848 a multiple of 218?
False
Is 19 a factor of 749835?
True
Does 31 divide 1222268?
True
Does 12 divide 760308?
True
Is 74 a factor of 12566532?
True
Is 8673594 a multiple of 12?
False
Is 103120 a multiple of 212?
False
Is 2168936 a multiple of 11?
True
Does 37 divide 334933?
False
Is 772500 a multiple of 100?
True
Is 6251742 a multiple of 131?
False
Is 7381944 a multiple of 1956?
True
Does 310 divide 904487?
False
Does 13 divide 524406?
False
Is 79 a factor of 260542?
True
Is 9 a factor of 39483?
True
Is 8 a factor of 95461?
False
Is 518584 a multiple of 166?
True
Is 3 a factor of 114903?
True
Is 300727 a multiple of 28?
False
Does 46 divide 393898?
True
Is 1362813 a multiple of 121?
False
Is 100 a factor of 1619000?
True
Is 142 a factor of 1772638?
False
Does 7 divide 8057?
True
Does 43 divide 7954715?
False
Is 501007 a multiple of 17?
True
Is 33 a factor of 7772214?
False
Does 203 divide 301808?
False
Is 25628 a multiple of 149?
True
